{"id":473,"date":"2025-03-21T19:37:50","date_gmt":"2025-03-21T18:37:50","guid":{"rendered":"https:\/\/www.vtpo.fr\/?page_id=473"},"modified":"2025-03-21T20:02:26","modified_gmt":"2025-03-21T19:02:26","slug":"lookbook","status":"publish","type":"page","link":"https:\/\/www.vtpo.fr\/index.php\/lookbook\/","title":{"rendered":"Lookbook"},"content":{"rendered":"\t\t<div data-elementor-type=\"wp-page\" data-elementor-id=\"473\" class=\"elementor elementor-473\" data-elementor-post-type=\"page\">\n\t\t\t\t<div class=\"elementor-element elementor-element-7864a60 e-con-full e-flex e-con e-parent\" data-id=\"7864a60\" data-element_type=\"container\">\n\t\t<div class=\"elementor-element elementor-element-c88c152 e-con-full e-flex e-con e-child\" data-id=\"c88c152\" data-element_type=\"container\" data-settings=\"{&quot;background_background&quot;:&quot;classic&quot;}\">\n\t\t\t\t<\/div>\n\t\t\t\t<\/div>\n\t\t<div class=\"elementor-element elementor-element-08f7aad e-con-full e-flex e-con e-parent\" data-id=\"08f7aad\" data-element_type=\"container\">\n\t\t<div class=\"elementor-element elementor-element-e84a378 e-con-full e-flex e-con e-child\" data-id=\"e84a378\" data-element_type=\"container\" data-settings=\"{&quot;background_background&quot;:&quot;classic&quot;}\">\n\t\t\t\t<div class=\"elementor-element elementor-element-772cb57 elementor-align-right elementor-mobile-align-right elementor-widget elementor-widget-button\" data-id=\"772cb57\" data-element_type=\"widget\" data-widget_type=\"button.default\">\n\t\t\t\t\t\t\t\t\t\t<a class=\"elementor-button elementor-button-link elementor-size-sm\" href=\"#\">\n\t\t\t\t\t\t<span class=\"elementor-button-content-wrapper\">\n\t\t\t\t\t\t\t\t\t<span class=\"elementor-button-text\">D\u00e9couvrir<\/span>\n\t\t\t\t\t<\/span>\n\t\t\t\t\t<\/a>\n\t\t\t\t\t\t\t\t<\/div>\n\t\t\t\t<\/div>\n\t\t<div class=\"elementor-element elementor-element-b2c812b e-con-full e-flex e-con e-child\" data-id=\"b2c812b\" data-element_type=\"container\" data-settings=\"{&quot;background_background&quot;:&quot;classic&quot;}\">\n\t\t\t\t<div class=\"elementor-element elementor-element-fec26c4 elementor-align-right elementor-mobile-align-right elementor-widget elementor-widget-button\" data-id=\"fec26c4\" data-element_type=\"widget\" data-widget_type=\"button.default\">\n\t\t\t\t\t\t\t\t\t\t<a class=\"elementor-button elementor-button-link elementor-size-sm\" href=\"#\">\n\t\t\t\t\t\t<span class=\"elementor-button-content-wrapper\">\n\t\t\t\t\t\t\t\t\t<span class=\"elementor-button-text\">D\u00e9couvrir<\/span>\n\t\t\t\t\t<\/span>\n\t\t\t\t\t<\/a>\n\t\t\t\t\t\t\t\t<\/div>\n\t\t\t\t<\/div>\n\t\t<div class=\"elementor-element elementor-element-69c3cfe e-con-full e-flex e-con e-child\" data-id=\"69c3cfe\" data-element_type=\"container\" data-settings=\"{&quot;background_background&quot;:&quot;classic&quot;}\">\n\t\t\t\t<div class=\"elementor-element elementor-element-e576bc0 elementor-align-right elementor-mobile-align-right elementor-widget elementor-widget-button\" data-id=\"e576bc0\" data-element_type=\"widget\" data-widget_type=\"button.default\">\n\t\t\t\t\t\t\t\t\t\t<a class=\"elementor-button elementor-button-link elementor-size-sm\" href=\"#\">\n\t\t\t\t\t\t<span class=\"elementor-button-content-wrapper\">\n\t\t\t\t\t\t\t\t\t<span class=\"elementor-button-text\">D\u00e9couvrir<\/span>\n\t\t\t\t\t<\/span>\n\t\t\t\t\t<\/a>\n\t\t\t\t\t\t\t\t<\/div>\n\t\t\t\t<\/div>\n\t\t<div class=\"elementor-element elementor-element-adb7ec5 e-con-full e-flex e-con e-child\" data-id=\"adb7ec5\" data-element_type=\"container\" data-settings=\"{&quot;background_background&quot;:&quot;classic&quot;}\">\n\t\t\t\t<div class=\"elementor-element elementor-element-2c3ad5c elementor-align-right elementor-mobile-align-right elementor-widget elementor-widget-button\" data-id=\"2c3ad5c\" data-element_type=\"widget\" data-widget_type=\"button.default\">\n\t\t\t\t\t\t\t\t\t\t<a class=\"elementor-button elementor-button-link elementor-size-sm\" href=\"#\">\n\t\t\t\t\t\t<span class=\"elementor-button-content-wrapper\">\n\t\t\t\t\t\t\t\t\t<span class=\"elementor-button-text\">D\u00e9couvrir<\/span>\n\t\t\t\t\t<\/span>\n\t\t\t\t\t<\/a>\n\t\t\t\t\t\t\t\t<\/div>\n\t\t\t\t<\/div>\n\t\t\t\t<\/div>\n\t\t<div class=\"elementor-element elementor-element-ed10e77 e-flex e-con-boxed e-con e-parent\" data-id=\"ed10e77\" data-element_type=\"container\">\n\t\t\t\t\t<div class=\"e-con-inner\">\n\t\t\t\t<div class=\"elementor-element elementor-element-b6e57a2 elementor-align-center elementor-mobile-align-right elementor-widget elementor-widget-button\" data-id=\"b6e57a2\" data-element_type=\"widget\" data-widget_type=\"button.default\">\n\t\t\t\t\t\t\t\t\t\t<a class=\"elementor-button elementor-button-link elementor-size-sm\" href=\"#\">\n\t\t\t\t\t\t<span class=\"elementor-button-content-wrapper\">\n\t\t\t\t\t\t\t\t\t<span class=\"elementor-button-text\">En d\u00e9couvrir plus<\/span>\n\t\t\t\t\t<\/span>\n\t\t\t\t\t<\/a>\n\t\t\t\t\t\t\t\t<\/div>\n\t\t\t\t\t<\/div>\n\t\t\t\t<\/div>\n\t\t<div class=\"elementor-element elementor-element-bfce5b4 e-con-full e-flex e-con e-parent\" data-id=\"bfce5b4\" data-element_type=\"container\">\n\t\t\t\t<div class=\"elementor-element elementor-element-5847ede elementor-widget-divider--view-line elementor-widget elementor-widget-divider\" data-id=\"5847ede\" data-element_type=\"widget\" data-widget_type=\"divider.default\">\n\t\t\t\t\t\t\t<div class=\"elementor-divider\">\n\t\t\t<span class=\"elementor-divider-separator\">\n\t\t\t\t\t\t<\/span>\n\t\t<\/div>\n\t\t\t\t\t\t<\/div>\n\t\t\t\t<div class=\"elementor-element elementor-element-52fbcb6 elementor-widget elementor-widget-heading\" data-id=\"52fbcb6\" data-element_type=\"widget\" data-widget_type=\"heading.default\">\n\t\t\t\t\t<h2 class=\"elementor-heading-title elementor-size-default\">Newsletter<\/h2>\t\t\t\t<\/div>\n\t\t\t\t<\/div>\n\t\t<div class=\"elementor-element elementor-element-9730407 e-con-full e-flex e-con e-parent\" data-id=\"9730407\" data-element_type=\"container\">\n\t\t\t\t<div class=\"elementor-element elementor-element-347950b elementor-button-align-end elementor-widget elementor-widget-form\" data-id=\"347950b\" data-element_type=\"widget\" data-settings=\"{&quot;step_next_label&quot;:&quot;Suivant&quot;,&quot;step_previous_label&quot;:&quot;Pr\\u00e9c\\u00e9dent&quot;,&quot;button_width&quot;:&quot;100&quot;,&quot;step_type&quot;:&quot;number_text&quot;,&quot;step_icon_shape&quot;:&quot;circle&quot;}\" data-widget_type=\"form.default\">\n\t\t\t\t\t\t\t<form class=\"elementor-form\" method=\"post\" name=\"Nouveau formulaire\">\n\t\t\t<input type=\"hidden\" name=\"post_id\" value=\"473\"\/>\n\t\t\t<input type=\"hidden\" name=\"form_id\" value=\"347950b\"\/>\n\t\t\t<input type=\"hidden\" name=\"referer_title\" value=\"Lookbook\" \/>\n\n\t\t\t\t\t\t\t<input type=\"hidden\" name=\"queried_id\" value=\"473\"\/>\n\t\t\t\n\t\t\t<div class=\"elementor-form-fields-wrapper elementor-labels-\">\n\t\t\t\t\t\t\t\t<div class=\"elementor-field-type-email elementor-field-group elementor-column elementor-field-group-email elementor-col-100 elementor-field-required\">\n\t\t\t\t\t\t\t\t\t\t\t\t<label for=\"form-field-email\" class=\"elementor-field-label elementor-screen-only\">\n\t\t\t\t\t\t\t\tE-mail\t\t\t\t\t\t\t<\/label>\n\t\t\t\t\t\t\t\t\t\t\t\t\t\t<input size=\"1\" type=\"email\" name=\"form_fields[email]\" id=\"form-field-email\" class=\"elementor-field elementor-size-md  elementor-field-textual\" placeholder=\"E-mail\" required=\"required\">\n\t\t\t\t\t\t\t\t\t\t\t<\/div>\n\t\t\t\t\t\t\t\t<div class=\"elementor-field-group elementor-column elementor-field-type-submit elementor-col-100 e-form__buttons\">\n\t\t\t\t\t<button class=\"elementor-button elementor-size-md\" type=\"submit\">\n\t\t\t\t\t\t<span class=\"elementor-button-content-wrapper\">\n\t\t\t\t\t\t\t\t\t\t\t\t\t\t\t\t\t\t\t\t\t\t<span class=\"elementor-button-text\">S'inscrire<\/span>\n\t\t\t\t\t\t\t\t\t\t\t\t\t<\/span>\n\t\t\t\t\t<\/button>\n\t\t\t\t<\/div>\n\t\t\t<\/div>\n\t\t<\/form>\n\t\t\t\t\t\t<\/div>\n\t\t\t\t<\/div>\n\t\t<div class=\"elementor-element elementor-element-2997ca2 e-con-full e-flex e-con e-parent\" data-id=\"2997ca2\" data-element_type=\"container\" data-settings=\"{&quot;background_background&quot;:&quot;classic&quot;}\">\n\t\t<div class=\"elementor-element elementor-element-b558a2f e-grid e-con-full e-con e-child\" data-id=\"b558a2f\" data-element_type=\"container\">\n\t\t<div class=\"elementor-element elementor-element-414f85b e-con-full e-flex e-con e-child\" data-id=\"414f85b\" data-element_type=\"container\">\n\t\t\t\t<div class=\"elementor-element elementor-element-83909ce elementor-widget elementor-widget-heading\" data-id=\"83909ce\" data-element_type=\"widget\" data-widget_type=\"heading.default\">\n\t\t\t\t\t<h2 class=\"elementor-heading-title elementor-size-default\">Aide<\/h2>\t\t\t\t<\/div>\n\t\t\t\t<div class=\"elementor-element elementor-element-21a6cfc elementor-widget elementor-widget-text-editor\" data-id=\"21a6cfc\" data-element_type=\"widget\" data-widget_type=\"text-editor.default\">\n\t\t\t\t\t\t\t\t\t<p>FAQ<\/p><p>Livraison<br>Retours et remboursements<br>Guide des tailles<br>Nous contacter<\/p>\t\t\t\t\t\t\t\t<\/div>\n\t\t\t\t<\/div>\n\t\t<div class=\"elementor-element elementor-element-2146630 e-con-full e-flex e-con e-child\" data-id=\"2146630\" data-element_type=\"container\">\n\t\t\t\t<div class=\"elementor-element elementor-element-1ee1183 elementor-widget elementor-widget-heading\" data-id=\"1ee1183\" data-element_type=\"widget\" data-widget_type=\"heading.default\">\n\t\t\t\t\t<h2 class=\"elementor-heading-title elementor-size-default\">Informations<\/h2>\t\t\t\t<\/div>\n\t\t\t\t<div class=\"elementor-element elementor-element-ca1129e elementor-widget elementor-widget-text-editor\" data-id=\"ca1129e\" data-element_type=\"widget\" data-widget_type=\"text-editor.default\">\n\t\t\t\t\t\t\t\t\t<p><span style=\"white-space-collapse: preserve;\">Nos points de vente<br \/>E-carte cadeau<br \/>Jobs<br \/>Accessibilit\u00e9<\/span><\/p>\t\t\t\t\t\t\t\t<\/div>\n\t\t\t\t<\/div>\n\t\t<div class=\"elementor-element elementor-element-fca2605 e-con-full e-flex e-con e-child\" data-id=\"fca2605\" data-element_type=\"container\">\n\t\t\t\t<div class=\"elementor-element elementor-element-904d5f4 elementor-widget elementor-widget-heading\" data-id=\"904d5f4\" data-element_type=\"widget\" data-widget_type=\"heading.default\">\n\t\t\t\t\t<h2 class=\"elementor-heading-title elementor-size-default\">Projet Veja<\/h2>\t\t\t\t<\/div>\n\t\t\t\t<div class=\"elementor-element elementor-element-c84f074 elementor-widget elementor-widget-text-editor\" data-id=\"c84f074\" data-element_type=\"widget\" data-widget_type=\"text-editor.default\">\n\t\t\t\t\t\t\t\t\t<p><span style=\"white-space-collapse: preserve;\">\u00c0 propos<br>Transparence<br>\u00c9missions de CO2<br>Mati\u00e8res innovantes<br>Insertion sociale<\/span><\/p>\t\t\t\t\t\t\t\t<\/div>\n\t\t\t\t<\/div>\n\t\t<div class=\"elementor-element elementor-element-0e7a5aa e-con-full e-flex e-con e-child\" data-id=\"0e7a5aa\" data-element_type=\"container\">\n\t\t\t\t<div class=\"elementor-element elementor-element-cae2ea1 elementor-widget elementor-widget-heading\" data-id=\"cae2ea1\" data-element_type=\"widget\" data-widget_type=\"heading.default\">\n\t\t\t\t\t<h2 class=\"elementor-heading-title elementor-size-default\">Liens utiles<\/h2>\t\t\t\t<\/div>\n\t\t\t\t<div class=\"elementor-element elementor-element-4e3d871 elementor-widget elementor-widget-text-editor\" data-id=\"4e3d871\" data-element_type=\"widget\" data-widget_type=\"text-editor.default\">\n\t\t\t\t\t\t\t\t\t<p><span style=\"white-space-collapse: preserve;\">Mentions l\u00e9gales<br \/>Confidentialit\u00e9s<br \/>Conditions de vente<br \/>Accesibilit\u00e9<\/span><\/p>\t\t\t\t\t\t\t\t<\/div>\n\t\t\t\t<\/div>\n\t\t\t\t<\/div>\n\t\t<div class=\"elementor-element elementor-element-cfa3429 e-con-full e-flex e-con e-child\" data-id=\"cfa3429\" data-element_type=\"container\">\n\t\t\t\t<div class=\"elementor-element elementor-element-e81e0ad elementor-widget elementor-widget-heading\" data-id=\"e81e0ad\" data-element_type=\"widget\" data-widget_type=\"heading.default\">\n\t\t\t\t\t<h2 class=\"elementor-heading-title elementor-size-default\">Paiement S\u00e9curis\u00e9<\/h2>\t\t\t\t<\/div>\n\t\t\t\t<div class=\"elementor-element elementor-element-555850e elementor-hidden-mobile elementor-widget-divider--view-line elementor-widget elementor-widget-divider\" data-id=\"555850e\" data-element_type=\"widget\" data-widget_type=\"divider.default\">\n\t\t\t\t\t\t\t<div class=\"elementor-divider\">\n\t\t\t<span class=\"elementor-divider-separator\">\n\t\t\t\t\t\t<\/span>\n\t\t<\/div>\n\t\t\t\t\t\t<\/div>\n\t\t\t\t<div class=\"elementor-element elementor-element-94feea5 elementor-hidden-mobile elementor-widget elementor-widget-image\" data-id=\"94feea5\" data-element_type=\"widget\" data-widget_type=\"image.default\">\n\t\t\t\t\t\t\t\t\t\t\t\t\t\t\t<img decoding=\"async\" width=\"588\" height=\"34\" src=\"https:\/\/www.vtpo.fr\/wp-content\/uploads\/2025\/03\/moyens-de-payements.png\" class=\"attachment-large size-large wp-image-206\" alt=\"\" srcset=\"https:\/\/www.vtpo.fr\/wp-content\/uploads\/2025\/03\/moyens-de-payements.png 588w, https:\/\/www.vtpo.fr\/wp-content\/uploads\/2025\/03\/moyens-de-payements-300x17.png 300w\" sizes=\"(max-width: 588px) 100vw, 588px\" \/>\t\t\t\t\t\t\t\t\t\t\t\t\t\t\t<\/div>\n\t\t\t\t<div class=\"elementor-element elementor-element-9274f2a elementor-hidden-desktop elementor-hidden-tablet elementor-widget elementor-widget-image\" data-id=\"9274f2a\" data-element_type=\"widget\" data-widget_type=\"image.default\">\n\t\t\t\t\t\t\t\t\t\t\t\t\t\t\t<img decoding=\"async\" width=\"287\" height=\"101\" src=\"https:\/\/www.vtpo.fr\/wp-content\/uploads\/2025\/03\/moyens-de-payements-mobile.png\" class=\"attachment-large size-large wp-image-231\" alt=\"\" \/>\t\t\t\t\t\t\t\t\t\t\t\t\t\t\t<\/div>\n\t\t\t\t<\/div>\n\t\t\t\t<\/div>\n\t\t<div class=\"elementor-element elementor-element-ade3b0d e-con-full e-flex e-con e-parent\" data-id=\"ade3b0d\" data-element_type=\"container\">\n\t\t\t\t<div class=\"elementor-element elementor-element-177c59d elementor-widget__width-initial elementor-hidden-mobile elementor-widget elementor-widget-image\" data-id=\"177c59d\" data-element_type=\"widget\" data-widget_type=\"image.default\">\n\t\t\t\t\t\t\t\t\t\t\t\t\t\t\t<img decoding=\"async\" width=\"31\" height=\"45\" src=\"https:\/\/www.vtpo.fr\/wp-content\/uploads\/2025\/03\/CertifiedB.png\" class=\"attachment-large size-large wp-image-218\" alt=\"\" \/>\t\t\t\t\t\t\t\t\t\t\t\t\t\t\t<\/div>\n\t\t\t\t<div class=\"elementor-element elementor-element-42c75bf elementor-widget__width-initial elementor-widget-mobile__width-initial elementor-widget elementor-widget-text-editor\" data-id=\"42c75bf\" data-element_type=\"widget\" data-widget_type=\"text-editor.default\">\n\t\t\t\t\t\t\t\t\t<p>Depuis 2005, VEJA cr\u00e9e des sneakers autrement, alliant projets sociaux, \u00e9quit\u00e9 \u00e9conomique et mat\u00e9riaux \u00e9cologiques. \u00a92025 VEJA<\/p>\t\t\t\t\t\t\t\t<\/div>\n\t\t\t\t<\/div>\n\t\t\t\t<\/div>\n\t\t","protected":false},"excerpt":{"rendered":"<p>D\u00e9couvrir D\u00e9couvrir D\u00e9couvrir D\u00e9couvrir En d\u00e9couvrir plus Newsletter Aide FAQ LivraisonRetours et remboursementsGuide des taillesNous contacter Informations Nos points de venteE-carte cadeauJobsAccessibilit\u00e9 Projet Veja \u00c0 proposTransparence\u00c9missions de CO2Mati\u00e8res innovantesInsertion sociale Liens utiles Mentions l\u00e9galesConfidentialit\u00e9sConditions de venteAccesibilit\u00e9 Paiement S\u00e9curis\u00e9 Depuis 2005, VEJA cr\u00e9e des sneakers autrement, alliant projets sociaux, \u00e9quit\u00e9 \u00e9conomique et mat\u00e9riaux \u00e9cologiques. \u00a92025 VEJA<\/p>\n","protected":false},"author":1,"featured_media":0,"parent":0,"menu_order":0,"comment_status":"closed","ping_status":"closed","template":"elementor_header_footer","meta":{"footnotes":""},"class_list":["post-473","page","type-page","status-publish","hentry"],"_links":{"self":[{"href":"https:\/\/www.vtpo.fr\/index.php\/wp-json\/wp\/v2\/pages\/473","targetHints":{"allow":["GET"]}}],"collection":[{"href":"https:\/\/www.vtpo.fr\/index.php\/wp-json\/wp\/v2\/pages"}],"about":[{"href":"https:\/\/www.vtpo.fr\/index.php\/wp-json\/wp\/v2\/types\/page"}],"author":[{"embeddable":true,"href":"https:\/\/www.vtpo.fr\/index.php\/wp-json\/wp\/v2\/users\/1"}],"replies":[{"embeddable":true,"href":"https:\/\/www.vtpo.fr\/index.php\/wp-json\/wp\/v2\/comments?post=473"}],"version-history":[{"count":26,"href":"https:\/\/www.vtpo.fr\/index.php\/wp-json\/wp\/v2\/pages\/473\/revisions"}],"predecessor-version":[{"id":528,"href":"https:\/\/www.vtpo.fr\/index.php\/wp-json\/wp\/v2\/pages\/473\/revisions\/528"}],"wp:attachment":[{"href":"https:\/\/www.vtpo.fr\/index.php\/wp-json\/wp\/v2\/media?parent=473"}],"curies":[{"name":"wp","href":"https:\/\/api.w.org\/{rel}","templated":true}]}}