{"id":822,"date":"2025-03-27T12:28:02","date_gmt":"2025-03-27T11:28:02","guid":{"rendered":"https:\/\/www.vtpo.fr\/?post_type=product&#038;p=822"},"modified":"2025-03-27T17:45:41","modified_gmt":"2025-03-27T16:45:41","slug":"rio-branco-ii-alveomesh-white-pierre","status":"publish","type":"product","link":"https:\/\/www.vtpo.fr\/index.php\/produit\/rio-branco-ii-alveomesh-white-pierre\/","title":{"rendered":"RIO BRANCO II ALVEOMESH WHITE PIERRE"},"content":{"rendered":"<p><strong>Tige<\/strong>\u00a0: Alveomesh (100% polyester recycl\u00e9)<br \/>\n<strong>Empi\u00e8cements<\/strong>\u00a0: Su\u00e8de et Cuir<br \/>\n<strong>Logo V<\/strong>\u00a0: Caoutchouc d\u2019Amazonie (26%), silice min\u00e9rale (22%), caoutchouc synth\u00e9tique (21%) et autres (31%)<br \/>\n<strong>Semelle int\u00e9rieure<\/strong>\u00a0: Caoutchouc d\u2019Amazonie (11%), E.V.A. bio-sourc\u00e9 (53% dont 42% canne \u00e0 sucre), E.V.A. recycl\u00e9 (11%), coton biologique (12%) et autres (13%)<br \/>\n<strong>Semelle interm\u00e9diaire<\/strong>\u00a0: E.V.A. bio-sourc\u00e9 (88%, dont 59% canne \u00e0 sucre) et autres (12%)<br \/>\n<strong>Semelle ext\u00e9rieure<\/strong>\u00a0: Caoutchouc d\u2019Amazonie (12%), silice min\u00e9rale (30%), caoutchouc synth\u00e9tique (49%) et autres (9%)<br \/>\n<strong>Doublure<\/strong>\u00a0: Polyester recycl\u00e9 (100%)<br \/>\n<strong>Lacets<\/strong>\u00a0: Coton biologique (100%)<br \/>\n<b>Fabriqu\u00e9 au Br\u00e9sil<\/b><\/p>\n<p>L\u2019Alveomesh est un tissu technique fabriqu\u00e9 exclusivement \u00e0 partir de polyester recycl\u00e9. Il apporte respirabilit\u00e9, souplesse et l\u00e9g\u00e8ret\u00e9 \u00e0 la chaussure.<\/p>\n<p>Fiche produit relative aux qualit\u00e9s et caract\u00e9ristiques environnementales :<br \/>\nPiquage, montage et finition : Br\u00e9sil<br \/>\nProduit comportant au moins 13% de mati\u00e8res recycl\u00e9es<br \/>\nBo\u00eete \u00e0 chaussure (certifi\u00e9e FSC\u2122) et emballage compos\u00e9 d&#8217;au moins 70% de mati\u00e8res recycl\u00e9es, recyclable et r\u00e9employable<br \/>\nPochette 100% recycl\u00e9e et recyclable<\/p>\n","protected":false},"excerpt":{"rendered":"<p>L&#8217;usage de la machine \u00e0 laver est fortement d\u00e9conseill\u00e9 pour ne pas alt\u00e9rer les propri\u00e9t\u00e9s des diff\u00e9rents mat\u00e9riaux.<\/p>\n<p>&#8211; Imperm\u00e9abilisez vos chaussures \u00e0 l&#8217;aide d&#8217;un produit adapt\u00e9 \u00e0 la mati\u00e8re. R\u00e9it\u00e9rez cette op\u00e9ration tous les 3 \u00e0 6 mois.<\/p>\n<p>&#8211; Brossez r\u00e9guli\u00e8rement votre paire avec de l&#8217;eau froide et un savon doux (type savon de Marseille ou savon noir)<\/p>\n<p>&#8211; Laissez s\u00e9cher \u00e0 l\u2019air libre, loin des sources de chaleur (comme le soleil ou les radiateurs), pour pr\u00e9venir la d\u00e9coloration.<\/p>\n<p><u>Service cordonnerie<\/u><\/p>\n<p>Les cordonneries VEJA proposent un service de r\u00e9paration et de nettoyage de vos chaussures. Retrouvez toutes les d\u00e9tails sur la page points de vente.<\/p>\n<p>Si vous avez la moindre question, n\u02bch\u00e9sitez pas \u00e0 contacter le Service Client via le formulaire de contact.<\/p>\n","protected":false},"featured_media":825,"template":"","meta":[],"product_brand":[],"product_cat":[31,23,25,19,20],"product_tag":[],"class_list":{"0":"post-822","1":"product","2":"type-product","3":"status-publish","4":"has-post-thumbnail","6":"product_cat-nouveaux-produits","7":"product_cat-vegan","8":"product_cat-outlet","9":"product_cat-homme","10":"product_cat-femme","12":"first","13":"instock","14":"sale","15":"shipping-taxable","16":"purchasable","17":"product-type-variable"},"_links":{"self":[{"href":"https:\/\/www.vtpo.fr\/index.php\/wp-json\/wp\/v2\/product\/822","targetHints":{"allow":["GET"]}}],"collection":[{"href":"https:\/\/www.vtpo.fr\/index.php\/wp-json\/wp\/v2\/product"}],"about":[{"href":"https:\/\/www.vtpo.fr\/index.php\/wp-json\/wp\/v2\/types\/product"}],"version-history":[{"count":1,"href":"https:\/\/www.vtpo.fr\/index.php\/wp-json\/wp\/v2\/product\/822\/revisions"}],"predecessor-version":[{"id":826,"href":"https:\/\/www.vtpo.fr\/index.php\/wp-json\/wp\/v2\/product\/822\/revisions\/826"}],"wp:featuredmedia":[{"embeddable":true,"href":"https:\/\/www.vtpo.fr\/index.php\/wp-json\/wp\/v2\/media\/825"}],"wp:attachment":[{"href":"https:\/\/www.vtpo.fr\/index.php\/wp-json\/wp\/v2\/media?parent=822"}],"wp:term":[{"taxonomy":"product_brand","embeddable":true,"href":"https:\/\/www.vtpo.fr\/index.php\/wp-json\/wp\/v2\/product_brand?post=822"},{"taxonomy":"product_cat","embeddable":true,"href":"https:\/\/www.vtpo.fr\/index.php\/wp-json\/wp\/v2\/product_cat?post=822"},{"taxonomy":"product_tag","embeddable":true,"href":"https:\/\/www.vtpo.fr\/index.php\/wp-json\/wp\/v2\/product_tag?post=822"}],"curies":[{"name":"wp","href":"https:\/\/api.w.org\/{rel}","templated":true}]}}